{"id":3879,"date":"2016-08-16T15:07:26","date_gmt":"2016-08-16T15:07:26","guid":{"rendered":"http:\/\/confe.org\/?page_id=3879"},"modified":"2017-02-25T01:27:57","modified_gmt":"2017-02-25T01:27:57","slug":"campamento-recreativo","status":"publish","type":"page","link":"https:\/\/confe.org\/index.php\/campamento-recreativo\/","title":{"rendered":"Campamento recreativo"},"content":{"rendered":"<p>[et_pb_section admin_label=&#8221;section&#8221; fullwidth=&#8221;on&#8221; specialty=&#8221;off&#8221;][et_pb_fullwidth_menu admin_label=&#8221;Fullwidth Menu&#8221; global_module=&#8221;1329&#8243; saved_tabs=&#8221;all&#8221; menu_id=&#8221;4&#8243; background_color=&#8221;#06478b&#8221; background_layout=&#8221;dark&#8221; text_orientation=&#8221;left&#8221; submenu_direction=&#8221;downwards&#8221; fullwidth_menu=&#8221;off&#8221; dropdown_menu_animation=&#8221;fade&#8221; menu_font=&#8221;Lato|on|||&#8221; menu_font_size=&#8221;16px&#8221;]<\/p>\n<p>[\/et_pb_fullwidth_menu][\/et_pb_section][et_pb_section admin_label=&#8221;section&#8221; fullwidth=&#8221;on&#8221; specialty=&#8221;off&#8221; transparent_background=&#8221;off&#8221; background_color=&#8221;#2c589f&#8221; allow_player_pause=&#8221;off&#8221; inner_shadow=&#8221;off&#8221; parallax=&#8221;off&#8221; parallax_method=&#8221;off&#8221;][et_pb_fullwidth_header admin_label=&#8221;Fullwidth Header&#8221; title=&#8221;Eventos&#8221; background_layout=&#8221;dark&#8221; text_orientation=&#8221;left&#8221; header_fullscreen=&#8221;off&#8221; header_scroll_down=&#8221;off&#8221; background_url=&#8221;https:\/\/confe.org\/wp-content\/uploads\/2016\/04\/eventos.jpg&#8221; parallax=&#8221;off&#8221; parallax_method=&#8221;off&#8221; content_orientation=&#8221;center&#8221; image_orientation=&#8221;center&#8221; custom_button_one=&#8221;off&#8221; button_one_text_size=&#8221;20&#8243; button_one_border_width=&#8221;2&#8243; button_one_border_radius=&#8221;3&#8243; button_one_letter_spacing=&#8221;0&#8243; button_one_use_icon=&#8221;default&#8221; button_one_icon_placement=&#8221;right&#8221; button_one_on_hover=&#8221;on&#8221; button_one_border_radius_hover=&#8221;3&#8243; button_one_letter_spacing_hover=&#8221;0&#8243; custom_button_two=&#8221;off&#8221; button_two_text_size=&#8221;20&#8243; button_two_border_width=&#8221;2&#8243; button_two_border_radius=&#8221;3&#8243; button_two_letter_spacing=&#8221;0&#8243; button_two_use_icon=&#8221;default&#8221; button_two_icon_placement=&#8221;right&#8221; button_two_on_hover=&#8221;on&#8221; button_two_border_radius_hover=&#8221;3&#8243; button_two_letter_spacing_hover=&#8221;0&#8243;]<\/p>\n<p>[\/et_pb_fullwidth_header][\/et_pb_section][et_pb_section admin_label=&#8221;Section&#8221; fullwidth=&#8221;off&#8221; specialty=&#8221;off&#8221;][et_pb_row admin_label=&#8221;Row&#8221;][et_pb_column type=&#8221;1_4&#8243;][et_pb_text admin_label=&#8221;Text&#8221; global_module=&#8221;3289&#8243; saved_tabs=&#8221;all&#8221; background_layout=&#8221;light&#8221; text_orientation=&#8221;left&#8221; text_text_color=&#8221;#00458d&#8221; use_border_color=&#8221;off&#8221; border_color=&#8221;#ffffff&#8221; border_style=&#8221;solid&#8221; module_id=&#8221; mayusculas azul&#8221; module_class=&#8221;mayusculas azul&#8221; custom_css_main_element=&#8221;color: #00458D !important;&#8221;]<\/p>\n<h4 class=\"no_transform borde_inferior_azul\">Men\u00fa <span class=\"azul_span\">eventos<\/span><\/h4>\n<p style=\"margin-top: 15px;\"><a href=\"https:\/\/confe.org\/index.php\/eventos\/\">Inicio<\/a><\/p>\n<p><a href=\"https:\/\/confe.org\/index.php\/camina-conmigo\/\">Camina conmigo<\/a><\/p>\n<p><a href=\"https:\/\/confe.org\/index.php\/mascaras-de-aliento\/\">M\u00e1scaras de aliento<\/a><\/p>\n<p>[\/et_pb_text][\/et_pb_column][et_pb_column type=&#8221;3_4&#8243;][et_pb_text admin_label=&#8221;Eventos&#8221; background_layout=&#8221;light&#8221; text_orientation=&#8221;left&#8221; module_class=&#8221;azul&#8221; use_border_color=&#8221;off&#8221; border_color=&#8221;#ffffff&#8221; border_style=&#8221;solid&#8221;]<\/p>\n<h1>Campamentos <span class=\"azul_span\">recreativos<\/span><\/h1>\n<p>Por m\u00e1s de 20 a\u00f1os, CONFE ha venido realizando campamentos recreativos dirigidos a personas con discapacidad intelectual de 14 a\u00f1os en adelante. Su principal objetivo es, y ha sido, dar condiciones para ejercer el derecho 30 de la Convenci\u00f3n sobre los Derechos de las Personas con Discapacidad de la ONU: Participaci\u00f3n en la vida cultural, las actividades recreativas, el esparcimiento y el deporte.<\/p>\n<p>\u00bfEn que\u0301 consisten?<\/p>\n<p>Durante una semana los participantes viajan a un Estado de la Rep\u00fablica, se forman equipos con responsabilidades en distintas actividades en los que, una persona sin discapacidad llamado \u201cConsejero\u201d, los apoya y, de 3 a 4 personas con discapacidad intelectual, forman el grupo; en estos equipos se crea identidad y sentido de pertenencia.<\/p>\n<p>Todas las actividades que se realizan, fortalecen el desarrollo social y cultural de los participantes, de su autonom\u00eda, capacidad para tomar decisiones, comunicaci\u00f3n, relaciones sociales y autoestima.<\/p>\n<p>En estos campamentos nos damos cuenta no s\u00f3lo que las personas con discapacidad intelectual viven experiencias nuevas, sino tambi\u00e9n que los padres de familia experimentan el reto de dejar ir a sus hijos a un viaje sin ellos. Esta experiencia no es f\u00e1cil, pero los familiares agradecen la amistad que surge entre los consejeros y sus hijos, as\u00ed\u0301 como la seguridad, el cuidado y apoyo que reciben de todo el staff.<\/p>\n<p>A partir del 2015, la Red Nacional de Capacitaci\u00f3n Experiencial y Recreaci\u00f3n, RENACER fortaleci\u00f3\u0301 los campamentos con su equipo de voluntarios quienes le han dado ma\u0301s fuerza al programa. Su compromiso se ha visto reflejado en las capacitaciones completas que, previo al campamento, se han realizado en fines de semana, en la comunicaci\u00f3n tan directa con las familias y sus campistas creando con esto un fuerte lazo de amistad, solidaridad y relaciones duraderas.<\/p>\n<p>El aprendizaje no solo queda entre los involucrados, tambi\u00e9n toca a la sociedad en general que va encontrando en el camino a estos campistas, pues descubren qui\u00e9nes son las personas con discapacidad intelectual en su calidez, transparencia y naturalidad; las personas se acercan, platican espont\u00e1neamente con los muchachos y llegan a conocerlos personalmente, logrando con esto una sensibilizaci\u00f3n directa.<\/p>\n<p>&nbsp;<\/p>\n<p><iframe width=\"1080\" height=\"608\" data-src=\"https:\/\/www.youtube.com\/embed\/GR1jmEYRboI?feature=oembed\" frameborder=\"0\" allowfullscreen src=\"data:image\/gif;base64,R0lGODlhAQABAAAAACH5BAEKAAEALAAAAAABAAEAAAICTAEAOw==\" class=\"lazyload\" data-load-mode=\"1\"><\/iframe><\/p>\n<p>[\/et_pb_text][\/et_pb_column][\/et_pb_row][\/et_pb_section]<\/p>\n","protected":false},"excerpt":{"rendered":"<p>Men\u00fa eventos Inicio Camina conmigo M\u00e1scaras de aliento Campamentos recreativos Por m\u00e1s de 20 a\u00f1os, CONFE ha venido realizando campamentos recreativos dirigidos a personas con discapacidad intelectual de 14 a\u00f1os en adelante. Su principal objetivo es, y ha sido, dar condiciones para ejercer el derecho 30 de la Convenci\u00f3n sobre los Derechos de las Personas [&hellip;]<\/p>\n","protected":false},"author":1,"featured_media":0,"parent":0,"menu_order":0,"comment_status":"closed","ping_status":"closed","template":"","meta":{"_et_pb_use_builder":"on","_et_pb_old_content":"[et_pb_section admin_label=\"section\" fullwidth=\"on\" specialty=\"off\"][et_pb_fullwidth_menu admin_label=\"Fullwidth Menu\" global_module=\"1329\" saved_tabs=\"all\" menu_id=\"4\" background_color=\"#06478b\" background_layout=\"dark\" text_orientation=\"left\" submenu_direction=\"downwards\" fullwidth_menu=\"off\" dropdown_menu_animation=\"fade\" menu_font=\"Lato|on|||\" menu_font_size=\"16px\"] [\/et_pb_fullwidth_menu][\/et_pb_section][et_pb_section admin_label=\"section\" fullwidth=\"on\" specialty=\"off\" transparent_background=\"off\" background_color=\"#2c589f\" allow_player_pause=\"off\" inner_shadow=\"off\" parallax=\"off\" parallax_method=\"off\"][et_pb_fullwidth_header admin_label=\"Fullwidth Header\" title=\"Eventos\" background_layout=\"dark\" text_orientation=\"left\" header_fullscreen=\"off\" header_scroll_down=\"off\" background_url=\"https:\/\/confe.org\/wp-content\/uploads\/2016\/04\/eventos.jpg\" parallax=\"off\" parallax_method=\"off\" content_orientation=\"center\" image_orientation=\"center\" custom_button_one=\"off\" button_one_text_size=\"20\" button_one_border_width=\"2\" button_one_border_radius=\"3\" button_one_letter_spacing=\"0\" button_one_use_icon=\"default\" button_one_icon_placement=\"right\" button_one_on_hover=\"on\" button_one_border_radius_hover=\"3\" button_one_letter_spacing_hover=\"0\" custom_button_two=\"off\" button_two_text_size=\"20\" button_two_border_width=\"2\" button_two_border_radius=\"3\" button_two_letter_spacing=\"0\" button_two_use_icon=\"default\" button_two_icon_placement=\"right\" button_two_on_hover=\"on\" button_two_border_radius_hover=\"3\" button_two_letter_spacing_hover=\"0\"] [\/et_pb_fullwidth_header][\/et_pb_section][et_pb_section admin_label=\"Section\" fullwidth=\"off\" specialty=\"off\"][et_pb_row admin_label=\"Row\"][et_pb_column type=\"1_4\"][et_pb_text admin_label=\"Text\" global_module=\"3289\" saved_tabs=\"all\" background_layout=\"light\" text_orientation=\"left\" text_text_color=\"#00458d\" use_border_color=\"off\" border_color=\"#ffffff\" border_style=\"solid\" module_id=\" mayusculas azul\" module_class=\"mayusculas azul\" custom_css_main_element=\"color: #00458D !important;\"]\r\n<h4 class=\"no_transform borde_inferior_azul\">Men\u00fa <span class=\"azul_span\">eventos<\/span><\/h4>\r\n<p style=\"margin-top: 15px;\"><a href=\"https:\/\/confe.org\/index.php\/eventos\/\">Inicio<\/a><\/p>\r\n<a href=\"https:\/\/confe.org\/index.php\/camina-conmigo\/\">Camina conmigo<\/a>\r\n\r\n<a href=\"https:\/\/confe.org\/index.php\/mascaras-de-aliento\/\">M\u00e1scaras de aliento<\/a>\r\n\r\n[\/et_pb_text][\/et_pb_column][et_pb_column type=\"3_4\"][et_pb_text admin_label=\"Eventos\" background_layout=\"light\" text_orientation=\"left\" module_class=\"azul\" use_border_color=\"off\" border_color=\"#ffffff\" border_style=\"solid\"]\r\n<h1>Campamentos <span class=\"azul_span\">recreativos<\/span><\/h1>\r\nPor m\u00e1s de 20 a\u00f1os, CONFE ha venido realizando campamentos recreativos dirigidos a personas con discapacidad intelectual de 14 a\u00f1os en adelante. Su principal objetivo es, y ha sido, dar condiciones para ejercer el derecho 30 de la Convenci\u00f3n sobre los Derechos de las Personas con Discapacidad de la ONU: Participaci\u00f3n en la vida cultural, las actividades recreativas, el esparcimiento y el deporte.\r\n\r\n\u00bfEn que\u0301 consisten?\r\n\r\nDurante una semana los participantes viajan a un Estado de la Rep\u00fablica, se forman equipos con responsabilidades en distintas actividades en los que, una persona sin discapacidad llamado \u201cConsejero\u201d, los apoya y, de 3 a 4 personas con discapacidad intelectual, forman el grupo; en estos equipos se crea identidad y sentido de pertenencia.\r\n\r\nTodas las actividades que se realizan, fortalecen el desarrollo social y cultural de los participantes, de su autonom\u00eda, capacidad para tomar decisiones, comunicaci\u00f3n, relaciones sociales y autoestima.\r\n\r\nEn estos campamentos nos damos cuenta no s\u00f3lo que las personas con discapacidad intelectual viven experiencias nuevas, sino tambi\u00e9n que los padres de familia experimentan el reto de dejar ir a sus hijos a un viaje sin ellos. Esta experiencia no es f\u00e1cil, pero los familiares agradecen la amistad que surge entre los consejeros y sus hijos, as\u00ed\u0301 como la seguridad, el cuidado y apoyo que reciben de todo el staff.\r\n\r\nA partir del 2015, la Red Nacional de Capacitaci\u00f3n Experiencial y Recreaci\u00f3n, RENACER fortaleci\u00f3\u0301 los campamentos con su equipo de voluntarios quienes le han dado ma\u0301s fuerza al programa. Su compromiso se ha visto reflejado en las capacitaciones completas que, previo al campamento, se han realizado en fines de semana, en la comunicaci\u00f3n tan directa con las familias y sus campistas creando con esto un fuerte lazo de amistad, solidaridad y relaciones duraderas.\r\n\r\nEl aprendizaje no solo queda entre los involucrados, tambi\u00e9n toca a la sociedad en general que va encontrando en el camino a estos campistas, pues descubren qui\u00e9nes son las personas con discapacidad intelectual en su calidez, transparencia y naturalidad; las personas se acercan, platican espont\u00e1neamente con los muchachos y llegan a conocerlos personalmente, logrando con esto una sensibilizaci\u00f3n directa.\r\n\r\n[\/et_pb_text][et_pb_slider admin_label=\"Slider\" \/][\/et_pb_column][\/et_pb_row][\/et_pb_section]","_et_gb_content_width":"","footnotes":""},"class_list":["post-3879","page","type-page","status-publish","hentry"],"_links":{"self":[{"href":"https:\/\/confe.org\/index.php\/wp-json\/wp\/v2\/pages\/3879","targetHints":{"allow":["GET"]}}],"collection":[{"href":"https:\/\/confe.org\/index.php\/wp-json\/wp\/v2\/pages"}],"about":[{"href":"https:\/\/confe.org\/index.php\/wp-json\/wp\/v2\/types\/page"}],"author":[{"embeddable":true,"href":"https:\/\/confe.org\/index.php\/wp-json\/wp\/v2\/users\/1"}],"replies":[{"embeddable":true,"href":"https:\/\/confe.org\/index.php\/wp-json\/wp\/v2\/comments?post=3879"}],"version-history":[{"count":11,"href":"https:\/\/confe.org\/index.php\/wp-json\/wp\/v2\/pages\/3879\/revisions"}],"predecessor-version":[{"id":4204,"href":"https:\/\/confe.org\/index.php\/wp-json\/wp\/v2\/pages\/3879\/revisions\/4204"}],"wp:attachment":[{"href":"https:\/\/confe.org\/index.php\/wp-json\/wp\/v2\/media?parent=3879"}],"curies":[{"name":"wp","href":"https:\/\/api.w.org\/{rel}","templated":true}]}}