{"id":608,"date":"2015-06-02T00:26:05","date_gmt":"2015-06-02T00:26:05","guid":{"rendered":"http:\/\/confe.org\/wp\/?page_id=608"},"modified":"2019-01-18T23:25:07","modified_gmt":"2019-01-18T23:25:07","slug":"15-a-35-anos-integracion-laboral","status":"publish","type":"page","link":"https:\/\/confe.org\/index.php\/15-a-35-anos-integracion-laboral\/","title":{"rendered":"15 a 35 a\u00f1os, inclusi\u00f3n laboral"},"content":{"rendered":"<p>[et_pb_section bb_built=&#8221;1&#8243; admin_label=&#8221;section&#8221; fullwidth=&#8221;on&#8221; specialty=&#8221;off&#8221;][et_pb_fullwidth_menu admin_label=&#8221;menu_servicios&#8221; global_module=&#8221;1777&#8243; menu_id=&#8221;6&#8243; background_color=&#8221;#ffb74c&#8221; background_layout=&#8221;dark&#8221; text_orientation=&#8221;left&#8221; submenu_direction=&#8221;downwards&#8221; fullwidth_menu=&#8221;off&#8221; dropdown_menu_animation=&#8221;fade&#8221; menu_font=&#8221;Lato|on|||&#8221; menu_font_size=&#8221;16px&#8221; saved_tabs=&#8221;all&#8221; \/][\/et_pb_section][et_pb_section bb_built=&#8221;1&#8243; admin_label=&#8221;section&#8221; fullwidth=&#8221;on&#8221; specialty=&#8221;off&#8221; transparent_background=&#8221;off&#8221; background_color=&#8221;#ffffff&#8221; allow_player_pause=&#8221;off&#8221; inner_shadow=&#8221;off&#8221; parallax=&#8221;off&#8221; parallax_method=&#8221;off&#8221; padding_mobile=&#8221;off&#8221; make_fullwidth=&#8221;off&#8221; use_custom_width=&#8221;off&#8221; width_unit=&#8221;on&#8221; make_equal=&#8221;off&#8221; use_custom_gutter=&#8221;off&#8221; gutter_width=&#8221;3&#8243; custom_padding_tablet=&#8221;50px|0|50px|0&#8243; custom_padding_last_edited=&#8221;on|desktop&#8221;][et_pb_fullwidth_header title=&#8221;Inclusi\u00f3n laboral&#8221; background_layout=&#8221;dark&#8221; text_orientation=&#8221;left&#8221; header_fullscreen=&#8221;off&#8221; header_scroll_down=&#8221;off&#8221; parallax=&#8221;off&#8221; parallax_method=&#8221;off&#8221; content_orientation=&#8221;center&#8221; image_orientation=&#8221;center&#8221; custom_button_one=&#8221;off&#8221; button_one_letter_spacing=&#8221;0&#8243; button_one_use_icon=&#8221;default&#8221; button_one_icon_placement=&#8221;right&#8221; button_one_on_hover=&#8221;on&#8221; button_one_letter_spacing_hover=&#8221;0&#8243; custom_button_two=&#8221;off&#8221; button_two_letter_spacing=&#8221;0&#8243; button_two_use_icon=&#8221;default&#8221; button_two_icon_placement=&#8221;right&#8221; button_two_on_hover=&#8221;on&#8221; button_two_letter_spacing_hover=&#8221;0&#8243; background_url=&#8221;https:\/\/confe.org\/wp-content\/uploads\/2015\/06\/confe-8-2.jpg&#8221; background_image=&#8221;https:\/\/confe.org\/wp-content\/uploads\/2015\/06\/confe-8-2.jpg&#8221; \/][\/et_pb_section][et_pb_section bb_built=&#8221;1&#8243; fullwidth=&#8221;off&#8221; specialty=&#8221;off&#8221;][et_pb_row background_position=&#8221;top_left&#8221; background_repeat=&#8221;repeat&#8221; background_size=&#8221;initial&#8221;][et_pb_column type=&#8221;1_4&#8243;][et_pb_text global_module=&#8221;1788&#8243; saved_tabs=&#8221;all&#8221; background_layout=&#8221;light&#8221; text_orientation=&#8221;left&#8221; text_font=&#8221;Lato|on|||&#8221; text_font_size=&#8221;15&#8243; use_border_color=&#8221;off&#8221; border_color=&#8221;#ffffff&#8221; border_style=&#8221;solid&#8221; module_class=&#8221;mayusculas amarillo&#8221; module_alignment=&#8221;left&#8221; background_position=&#8221;top_left&#8221; background_repeat=&#8221;repeat&#8221; background_size=&#8221;initial&#8221;]<\/p>\n<h4 class=\"borde_inferior_amarillo no_transform\">Men\u00fa <span class=\"amarillo_span\">16 a 35 a\u00f1os<\/span><\/h4>\n<p><a href=\"https:\/\/confe.org\/index.php\/16-a-35-anos-ingreso-y-evaluacion-2\/\">Ingreso y evaluaci\u00f3n<\/a><\/p>\n<p><a href=\"https:\/\/confe.org\/index.php\/16-a-35-anos-centro-de-estimulacion-multisensorial\/\">Centro de estimulaci\u00f3n multisensorial<\/a><\/p>\n<p><a href=\"https:\/\/confe.org\/index.php\/16-a-35-anos-descubre-un-futuro-diferente\/\">Descubre: capacitaci\u00f3n sociolaboral<\/a><\/p>\n<p><a href=\"https:\/\/confe.org\/index.php\/16-a-35-anos-integracion-laboral\/\">Inclusi\u00f3n laboral<\/a><\/p>\n<p><a href=\"https:\/\/confe.org\/index.php\/16-35-contacto\/\">Contacto<\/a><\/p>\n<p>[\/et_pb_text][et_pb_slider show_arrows=&#8221;off&#8221; show_pagination=&#8221;off&#8221; auto=&#8221;on&#8221; auto_ignore_hover=&#8221;off&#8221; parallax=&#8221;off&#8221; parallax_method=&#8221;off&#8221; remove_inner_shadow=&#8221;off&#8221; background_position=&#8221;default&#8221; background_size=&#8221;default&#8221; module_class=&#8221;sombraTextosDark&#8221; hide_content_on_mobile=&#8221;off&#8221; hide_cta_on_mobile=&#8221;off&#8221; show_image_video_mobile=&#8221;off&#8221; header_font_size=&#8221;46&#8243; body_font_size=&#8221;16&#8243; custom_button=&#8221;off&#8221; button_text_size=&#8221;20&#8243; button_border_width=&#8221;2&#8243; button_border_radius=&#8221;3&#8243; button_letter_spacing=&#8221;0&#8243; button_use_icon=&#8221;default&#8221; button_icon_placement=&#8221;right&#8221; button_on_hover=&#8221;on&#8221; button_border_radius_hover=&#8221;3&#8243; button_letter_spacing_hover=&#8221;0&#8243; auto_speed=&#8221;3000&#8243; saved_tabs=&#8221;all&#8221; global_module=&#8221;2928&#8243; show_inner_shadow=&#8221;off&#8221; show_content_on_mobile=&#8221;off&#8221; show_cta_on_mobile=&#8221;off&#8221;]<\/p>\n<p>[et_pb_slide heading=&#8221;Tu donaci\u00f3n es importante&#8221; button_text=&#8221;Dona&#8221; button_link=&#8221;https:\/\/confe.org\/wp\/index.php\/dona\/&#8221; background_position=&#8221;default&#8221; background_size=&#8221;default&#8221; background_color=&#8221;#ffffff&#8221; alignment=&#8221;center&#8221; background_layout=&#8221;dark&#8221; allow_player_pause=&#8221;off&#8221; header_font_select=&#8221;default&#8221; header_font_size=&#8221;18&#8243; header_text_color=&#8221;#ffffff&#8221; body_font_select=&#8221;default&#8221; custom_button=&#8221;on&#8221; button_text_color=&#8221;#ffffff&#8221; button_bg_color=&#8221;#ffb74c&#8221; button_border_width=&#8221;2&#8243; button_border_color=&#8221;#ffffff&#8221; button_font_select=&#8221;default&#8221; button_use_icon=&#8221;on&#8221; button_icon=&#8221;%%257%%&#8221; button_icon_color=&#8221;#ffffff&#8221; button_icon_placement=&#8221;right&#8221; button_on_hover=&#8221;on&#8221; background_image=&#8221;https:\/\/confe.org\/wp\/wp-content\/uploads\/2015\/06\/dona-llamado-accion13.jpg&#8221;] [\/et_pb_slide][et_pb_slide heading=&#8221;Muchos te lo agradecer\u00e1n&#8221; button_text=&#8221;Dona&#8221; button_link=&#8221;https:\/\/confe.org\/wp\/index.php\/dona\/&#8221; background_image=&#8221;https:\/\/confe.org\/wp\/wp-content\/uploads\/2015\/06\/dona-llamado-accion23.jpg&#8221; background_position=&#8221;default&#8221; background_size=&#8221;default&#8221; background_color=&#8221;#ffffff&#8221; alignment=&#8221;center&#8221; background_layout=&#8221;dark&#8221; allow_player_pause=&#8221;off&#8221; header_font_select=&#8221;default&#8221; header_font_size=&#8221;18&#8243; header_text_color=&#8221;#ffffff&#8221; body_font_select=&#8221;default&#8221; custom_button=&#8221;on&#8221; button_text_color=&#8221;#ffffff&#8221; button_bg_color=&#8221;#ffb74c&#8221; button_border_width=&#8221;2&#8243; button_font_select=&#8221;default&#8221; button_use_icon=&#8221;on&#8221; button_icon=&#8221;%%257%%&#8221; button_icon_placement=&#8221;right&#8221; button_on_hover=&#8221;on&#8221;] [\/et_pb_slide]<\/p>\n<p>[\/et_pb_slider][\/et_pb_column][et_pb_column type=&#8221;3_4&#8243;][et_pb_text background_layout=&#8221;light&#8221; text_orientation=&#8221;left&#8221; use_border_color=&#8221;off&#8221; border_color=&#8221;#ffffff&#8221; border_style=&#8221;solid&#8221; module_alignment=&#8221;left&#8221; background_position=&#8221;top_left&#8221; background_repeat=&#8221;repeat&#8221; background_size=&#8221;initial&#8221; _builder_version=&#8221;3.0.85&#8243;]<\/p>\n<h1>Inclusi\u00f3n <span class=\"amarillo_span\">laboral<\/span><\/h1>\n<p>Contamos con una agencia de inclusi\u00f3n laboral cuyo objetivo es conseguir empleo a las personas que hayan cumplido satisfactoriamente con el programa de formaci\u00f3n sociolaboral en CONFE.<\/p>\n<p>Ofrecemos orientaci\u00f3n, sensibilizaci\u00f3n y apoyo a empresarios interesados en contratar personas con discapacidad intelectual, damos seguimiento de por vida a las personas contratadas y apoyo permanente a los padres de familia.<\/p>\n<h2 class=\"mt15 mb15\">Beneficios de <span class=\"amarillo_span\">incluirse al empleo formal<\/span><\/h2>\n<ul>\n<li>Autoestima alta<\/li>\n<li>Satisfacci\u00f3n de tener dinero propio<\/li>\n<li>Ayuda a la econom\u00eda familiar<\/li>\n<li>Aprender nuevas habilidades<\/li>\n<li>Integrarse a un nuevo grupo social<\/li>\n<li>Mejorar la calidad de vida<\/li>\n<\/ul>\n<p>Si deseas m\u00e1s informaci\u00f3n, ponte en contacto con las licenciadas Carmen Jord\u00e1n Herrej\u00f3n (su correo es <a href=\"mailto:integracion1@confe.org.mx\">integracion1@confe.org.mx<\/a>) y Maricruz Caballero Celis (al correo <a href=\"mailto:integracion2@confe.org.mx\">integracion2@confe.org.mx<\/a>) o llamando a los tel\u00e9fonos <a href=\"tel:5552921390\">5292 1390<\/a> y <a href=\"tel:5552921392\">92<\/a> extensi\u00f3n 241.<\/p>\n<p>Tambi\u00e9n puedes buscar trabajo en la bolsa de trabajo que el gobierno federal cre\u00f3 especialmente para personas con alguna discapacidad. Haz clic en la siguiente liga: <a href=\"https:\/\/abriendoespacios.gob.mx\/\" target=\"_blank\"><strong>abriendoespacios<\/strong>.gob.mx<\/a>.<\/p>\n<p>[\/et_pb_text][\/et_pb_column][\/et_pb_row][\/et_pb_section]<\/p>\n","protected":false},"excerpt":{"rendered":"<p>Men\u00fa 16 a 35 a\u00f1os Ingreso y evaluaci\u00f3n Centro de estimulaci\u00f3n multisensorial Descubre: capacitaci\u00f3n sociolaboral Inclusi\u00f3n laboral Contacto Inclusi\u00f3n laboral Contamos con una agencia de inclusi\u00f3n laboral cuyo objetivo es conseguir empleo a las personas que hayan cumplido satisfactoriamente con el programa de formaci\u00f3n sociolaboral en CONFE. Ofrecemos orientaci\u00f3n, sensibilizaci\u00f3n y apoyo a empresarios interesados [&hellip;]<\/p>\n","protected":false},"author":1,"featured_media":0,"parent":0,"menu_order":0,"comment_status":"open","ping_status":"open","template":"","meta":{"_et_pb_use_builder":"on","_et_pb_old_content":"","_et_gb_content_width":"","footnotes":""},"class_list":["post-608","page","type-page","status-publish","hentry"],"_links":{"self":[{"href":"https:\/\/confe.org\/index.php\/wp-json\/wp\/v2\/pages\/608","targetHints":{"allow":["GET"]}}],"collection":[{"href":"https:\/\/confe.org\/index.php\/wp-json\/wp\/v2\/pages"}],"about":[{"href":"https:\/\/confe.org\/index.php\/wp-json\/wp\/v2\/types\/page"}],"author":[{"embeddable":true,"href":"https:\/\/confe.org\/index.php\/wp-json\/wp\/v2\/users\/1"}],"replies":[{"embeddable":true,"href":"https:\/\/confe.org\/index.php\/wp-json\/wp\/v2\/comments?post=608"}],"version-history":[{"count":26,"href":"https:\/\/confe.org\/index.php\/wp-json\/wp\/v2\/pages\/608\/revisions"}],"predecessor-version":[{"id":4946,"href":"https:\/\/confe.org\/index.php\/wp-json\/wp\/v2\/pages\/608\/revisions\/4946"}],"wp:attachment":[{"href":"https:\/\/confe.org\/index.php\/wp-json\/wp\/v2\/media?parent=608"}],"curies":[{"name":"wp","href":"https:\/\/api.w.org\/{rel}","templated":true}]}}