{"id":6462,"date":"2021-01-22T14:55:00","date_gmt":"2021-01-22T14:55:00","guid":{"rendered":"http:\/\/confe.org\/?page_id=6462"},"modified":"2023-07-27T18:52:39","modified_gmt":"2023-07-27T18:52:39","slug":"aula-sexualidad-y-discapacidad-1","status":"publish","type":"page","link":"https:\/\/confe.org\/index.php\/aula-sexualidad-y-discapacidad-1\/","title":{"rendered":"Aula Virtual sobre Sexualidad y Discapacidad"},"content":{"rendered":"<p>[et_pb_section fb_built=&#8221;1&#8243; fullwidth=&#8221;on&#8221; admin_label=&#8221;section&#8221; _builder_version=&#8221;4.16&#8243; hover_enabled=&#8221;0&#8243; global_colors_info=&#8221;{}&#8221; sticky_enabled=&#8221;0&#8243;][et_pb_fullwidth_menu menu_id=&#8221;4&#8243; submenu_direction=&#8221;downwards&#8221; fullwidth_menu=&#8221;off&#8221; dropdown_menu_bg_color=&#8221;#0d4989&#8243; dropdown_menu_text_color=&#8221;#ffffff&#8221; module_class=&#8221;fullWidthMenuPrin&#8221; _builder_version=&#8221;4.19.0&#8243; menu_font=&#8221;Lato|on|||&#8221; menu_font_size=&#8221;16px&#8221; background_color=&#8221;#06478b&#8221; background_layout=&#8221;dark&#8221; global_module=&#8221;1329&#8243; saved_tabs=&#8221;all&#8221; global_colors_info=&#8221;{}&#8221;][\/et_pb_fullwidth_menu][et_pb_fullwidth_code admin_label=&#8221;Estilos de esta p\u00e1gina&#8221; _builder_version=&#8221;4.19.0&#8243; global_colors_info=&#8221;{}&#8221;]<\/p>\n<style type=\"text\/css\"><!-- [et_pb_line_break_holder] -->    \/* c o n t e n e d o r  n i v e l  p \u00e1 g i n a *\/<!-- [et_pb_line_break_holder] -->    \/* c o n t e n e d o r  n i v e l  p \u00e1 g i n a *\/<!-- [et_pb_line_break_holder] -->    <!-- [et_pb_line_break_holder] -->    .et_pb_text.et_pb_module.et_pb_bg_layout_light.et_pb_text_align_left.azul.et_pb_text_1 .et_pb_text_inner { display: flex;<!-- [et_pb_line_break_holder] -->    flex-direction: column;<!-- [et_pb_line_break_holder] -->    justify-content: flex-start;<!-- [et_pb_line_break_holder] -->        align-items: center; }<!-- [et_pb_line_break_holder] --><!-- [et_pb_line_break_holder] -->    \/* \/\/\/ c o n t e n e d o r  n i v e l  p \u00e1 g i n a *\/<!-- [et_pb_line_break_holder] -->    \/* \/\/\/ c o n t e n e d o r  n i v e l  p \u00e1 g i n a *\/<!-- [et_pb_line_break_holder] --><!-- [et_pb_line_break_holder] -->    #titAulaTA { color: #ffb74c;<!-- [et_pb_line_break_holder] -->    font-size: 50px;<!-- [et_pb_line_break_holder] -->    font-weight: 500; }<!-- [et_pb_line_break_holder] --><!-- [et_pb_line_break_holder] -->   img.logOrganizad { width: 100%;<!-- [et_pb_line_break_holder] -->    display: block;<!-- [et_pb_line_break_holder] -->    height: auto;<!-- [et_pb_line_break_holder] -->    margin: auto; }<!-- [et_pb_line_break_holder] --><!-- [et_pb_line_break_holder] -->    .txtHash { color: #06478b;<!-- [et_pb_line_break_holder] -->    width: 100%;<!-- [et_pb_line_break_holder] -->    text-align: left; } <!-- [et_pb_line_break_holder] --><!-- [et_pb_line_break_holder] -->    h2 { margin-top: 30px;\u00a0}<!-- [et_pb_line_break_holder] --><!-- [et_pb_line_break_holder] -->    .azul a.enlaceCute { text-align: center;<!-- [et_pb_line_break_holder] -->    font-size: 35px;<!-- [et_pb_line_break_holder] -->    letter-spacing: 0.3px;<!-- [et_pb_line_break_holder] -->    font-weight: 500;<!-- [et_pb_line_break_holder] -->    display: block;<!-- [et_pb_line_break_holder] -->    color: white !important;<!-- [et_pb_line_break_holder] -->    margin-top: 5px;<!-- [et_pb_line_break_holder] -->    transition: all 1s;<!-- [et_pb_line_break_holder] -->    transition-timing-function: cubic-bezier(0, 0.26, 0.27, 1.26); } <!-- [et_pb_line_break_holder] --><!-- [et_pb_line_break_holder] -->    .enlaceCute:hover { color: #ec9f2b; }<!-- [et_pb_line_break_holder] --><!-- [et_pb_line_break_holder] -->    @media only screen and (min-width: 981px) {<!-- [et_pb_line_break_holder] --><!-- [et_pb_line_break_holder] -->         img.logOrganizad { width: 80%; }\u00a0<!-- [et_pb_line_break_holder] -->    }<!-- [et_pb_line_break_holder] --><!-- [et_pb_line_break_holder] --><!-- [et_pb_line_break_holder] -->\/* b l  o q u e   i n s c r i p c i o n *\/<!-- [et_pb_line_break_holder] -->\/* b l  o q u e   i n s c r i p c i o n *\/<!-- [et_pb_line_break_holder] -->\/* b l  o q u e   i n s c r i p c i o n *\/<!-- [et_pb_line_break_holder] --><!-- [et_pb_line_break_holder] -->.contentInscrip {     width: 125%;<!-- [et_pb_line_break_holder] -->    height: auto;<!-- [et_pb_line_break_holder] -->    margin: 0px;<!-- [et_pb_line_break_holder] -->    padding: 20px;<!-- [et_pb_line_break_holder] -->    background-color: #06478b; }<!-- [et_pb_line_break_holder] --><!-- [et_pb_line_break_holder] --><!-- [et_pb_line_break_holder] --> .contentInscrip p, .contentInscrip h2, .contentInscrip h3, .contentInscrip form.wpcf7-form.init p a { color: white !important; }<!-- [et_pb_line_break_holder] --><!-- [et_pb_line_break_holder] --> form.wpcf7-form.init p input.wpcf7-form-control.wpcf7-submit { color: white !important;<!-- [et_pb_line_break_holder] --> width: 100%; }<!-- [et_pb_line_break_holder] --><!-- [et_pb_line_break_holder] --> form.wpcf7-form.init p input.wpcf7-form-control.wpcf7-submit:hover { color: #06478b !important; }<!-- [et_pb_line_break_holder] --><!-- [et_pb_line_break_holder] -->\/* p a g o   p a y  p a l *\/<!-- [et_pb_line_break_holder] -->    .contet-btnPago { width: 100%;<!-- [et_pb_line_break_holder] -->     height: auto;<!-- [et_pb_line_break_holder] -->     margin: 0px;<!-- [et_pb_line_break_holder] -->     padding: 0px;<!-- [et_pb_line_break_holder] -->     display: flex;<!-- [et_pb_line_break_holder] -->     flex-wrap: wrap;<!-- [et_pb_line_break_holder] -->     justify-content: space-around;<!-- [et_pb_line_break_holder] -->     align-items: flex-start;<!-- [et_pb_line_break_holder] -->     max-width: 620px; }<!-- [et_pb_line_break_holder] --><!-- [et_pb_line_break_holder] -->    .pagapaypal { width: 100%;<!-- [et_pb_line_break_holder] -->        max-width: 270px;<!-- [et_pb_line_break_holder] -->        background-image: linear-gradient( 100deg, rgb(0, 112, 186), rgb(0, 48, 135));<!-- [et_pb_line_break_holder] -->        color: white;<!-- [et_pb_line_break_holder] -->        border-radius: 8px;<!-- [et_pb_line_break_holder] -->        display: flex;<!-- [et_pb_line_break_holder] -->        justify-content: center;<!-- [et_pb_line_break_holder] -->        align-items: center;<!-- [et_pb_line_break_holder] -->     height: auto;<!-- [et_pb_line_break_holder] -->     margin: 5px auto 5px auto;<!-- [et_pb_line_break_holder] -->     padding: 13px;<!-- [et_pb_line_break_holder] -->     transition: all 0.5s;<!-- [et_pb_line_break_holder] -->    transition-timing-function: cubic-bezier(0, 0.26, 0.27, 1.26); }<!-- [et_pb_line_break_holder] --><!-- [et_pb_line_break_holder] -->     .pagapaypal img { width: 50px;<!-- [et_pb_line_break_holder] -->     height: auto;<!-- [et_pb_line_break_holder] -->     margin: 0px;<!-- [et_pb_line_break_holder] -->     padding: 0px;<!-- [et_pb_line_break_holder] -->     position: relative;<!-- [et_pb_line_break_holder] -->     left: -5px;  }<!-- [et_pb_line_break_holder] --><!-- [et_pb_line_break_holder] -->     .pagapaypal:hover { box-shadow: 0px 10px 30px -15px #3a4454;<!-- [et_pb_line_break_holder] -->         transform: scale(1.03); }<!-- [et_pb_line_break_holder] --><!-- [et_pb_line_break_holder] -->    .contet-btnPago a.pagapaypal { color: white !important; }<!-- [et_pb_line_break_holder] --><!-- [et_pb_line_break_holder] -->    .contentInscrip h3 { color: #ffb74c;<!-- [et_pb_line_break_holder] -->    font-size: 36px;<!-- [et_pb_line_break_holder] -->    text-align: center; }<!-- [et_pb_line_break_holder] --><!-- [et_pb_line_break_holder] --><!-- [et_pb_line_break_holder] -->    @media only screen and (min-width: 981px) {<!-- [et_pb_line_break_holder] --><!-- [et_pb_line_break_holder] -->         .contentInscrip { border-radius: 4px; <!-- [et_pb_line_break_holder] -->             width: 100%; }<!-- [et_pb_line_break_holder] -->    }<!-- [et_pb_line_break_holder] -->\/* --\/\/ p a g o   p a y  p a l *\/<!-- [et_pb_line_break_holder] -->\/* --\/\/ b l  o q u e   i n s c r i p c i o n *\/<!-- [et_pb_line_break_holder] -->\/* --\/\/ b l  o q u e   i n s c r i p c i o n *\/<!-- [et_pb_line_break_holder] -->\/* --\/\/ b l  o q u e   i n s c r i p c i o n *\/    <!-- [et_pb_line_break_holder] -->\/*estilos boton directo paypal*\/<!-- [et_pb_line_break_holder] -->    .content-pagos {     width: 100%;<!-- [et_pb_line_break_holder] -->    height: auto;<!-- [et_pb_line_break_holder] -->    margin: 0px auto 20px auto;<!-- [et_pb_line_break_holder] -->    padding: 0px;<!-- [et_pb_line_break_holder] -->    display: flex;<!-- [et_pb_line_break_holder] -->    flex-direction: column;<!-- [et_pb_line_break_holder] -->    justify-content: flex-start;<!-- [et_pb_line_break_holder] -->    align-items: center;<!-- [et_pb_line_break_holder] -->    max-width: 500px; }<!-- [et_pb_line_break_holder] --><!-- [et_pb_line_break_holder] -->     .unaMoneda { width: 100%;<!-- [et_pb_line_break_holder] -->      height: auto;<!-- [et_pb_line_break_holder] -->      margin: 0px;<!-- [et_pb_line_break_holder] -->      padding: 0px;<!-- [et_pb_line_break_holder] -->      display: flex;<!-- [et_pb_line_break_holder] -->      justify-content: space-around;<!-- [et_pb_line_break_holder] -->      align-items: center; }<!-- [et_pb_line_break_holder] --><!-- [et_pb_line_break_holder] -->      .unaMoneda form {    <!-- [et_pb_line_break_holder] -->    transform: scale(1.4);<!-- [et_pb_line_break_holder] -->    position: relative;<!-- [et_pb_line_break_holder] -->    top: -25px; }<!-- [et_pb_line_break_holder] --><!-- [et_pb_line_break_holder] -->      .unaMoneda p { font-size: 20px;<!-- [et_pb_line_break_holder] -->      letter-spacing: 0.5px; }<!-- [et_pb_line_break_holder] --><!-- [et_pb_line_break_holder] -->      .bloqInscrip { background-color: #00458d;<!-- [et_pb_line_break_holder] -->    border-radius: 5px;<!-- [et_pb_line_break_holder] -->    width: 130%;<!-- [et_pb_line_break_holder] -->    padding: 10px 0px 60px 0px; }<!-- [et_pb_line_break_holder] --><!-- [et_pb_line_break_holder] -->    @media only screen and (min-width: 981px) {<!-- [et_pb_line_break_holder] --><!-- [et_pb_line_break_holder] -->        .bloqInscrip { width: 100% }<!-- [et_pb_line_break_holder] -->    }<!-- [et_pb_line_break_holder] -->\/*--\/\/estilos boton directo paypal*\/<!-- [et_pb_line_break_holder] -->  \/*ajuste del boton woocomerce*\/<!-- [et_pb_line_break_holder] -->  .product.woocommerce.add_to_cart_inline {     border: 4px solid #ccc;<!-- [et_pb_line_break_holder] -->    padding: 12px;<!-- [et_pb_line_break_holder] -->    display: flex;<!-- [et_pb_line_break_holder] -->    justify-content: space-around;<!-- [et_pb_line_break_holder] -->    align-items: center;<!-- [et_pb_line_break_holder] -->    max-width: 600px;<!-- [et_pb_line_break_holder] -->    margin: auto; <!-- [et_pb_line_break_holder] -->    background-color: white;<!-- [et_pb_line_break_holder] -->    border-radius: 4px; }<!-- [et_pb_line_break_holder] --><!-- [et_pb_line_break_holder] -->    .azul a.added_to_cart.wc-forward { color: transparent !important;<!-- [et_pb_line_break_holder] -->    position: relative; }<!-- [et_pb_line_break_holder] --><!-- [et_pb_line_break_holder] -->    a.added_to_cart.wc-forward:before { content: \"Inscribirme\";<!-- [et_pb_line_break_holder] -->    color: #00458d;<!-- [et_pb_line_break_holder] -->    position: absolute;<!-- [et_pb_line_break_holder] -->    top: 2px;<!-- [et_pb_line_break_holder] -->    left: 50%;<!-- [et_pb_line_break_holder] -->    transform: translateX(-50%); }<!-- [et_pb_line_break_holder] -->  \/*--\/\/ajuste del boton woocomerce*\/<!-- [et_pb_line_break_holder] --><\/style>\n<p>[\/et_pb_fullwidth_code][\/et_pb_section][et_pb_section fb_built=&#8221;1&#8243; fullwidth=&#8221;on&#8221; admin_label=&#8221;section&#8221; _builder_version=&#8221;4.16&#8243; background_color=&#8221;#2c589f&#8221; transparent_background=&#8221;off&#8221; global_colors_info=&#8221;{}&#8221;][et_pb_fullwidth_header title=&#8221;Eventos&#8221; _builder_version=&#8221;4.16&#8243; background_color=&#8221;rgba(255, 255, 255, 0)&#8221; background_image=&#8221;https:\/\/confe.org\/wp-content\/uploads\/2016\/04\/eventos.jpg&#8221; background_size=&#8221;initial&#8221; background_position=&#8221;top_left&#8221; background_repeat=&#8221;repeat&#8221; background_url=&#8221;https:\/\/confe.org\/wp-content\/uploads\/2016\/04\/eventos.jpg&#8221; button_one_border_radius_hover=&#8221;3&#8243; button_two_border_radius_hover=&#8221;3&#8243; button_one_letter_spacing_hover=&#8221;0&#8243; button_two_letter_spacing_hover=&#8221;0&#8243; global_colors_info=&#8221;{}&#8221; button_one_text_size__hover_enabled=&#8221;off&#8221; button_two_text_size__hover_enabled=&#8221;off&#8221; button_one_text_color__hover_enabled=&#8221;off&#8221; button_two_text_color__hover_enabled=&#8221;off&#8221; button_one_border_width__hover_enabled=&#8221;off&#8221; button_two_border_width__hover_enabled=&#8221;off&#8221; button_one_border_color__hover_enabled=&#8221;off&#8221; button_two_border_color__hover_enabled=&#8221;off&#8221; button_one_border_radius__hover_enabled=&#8221;on&#8221; button_one_border_radius__hover=&#8221;3&#8243; button_two_border_radius__hover_enabled=&#8221;on&#8221; button_two_border_radius__hover=&#8221;3&#8243; button_one_letter_spacing__hover_enabled=&#8221;on&#8221; button_one_letter_spacing__hover=&#8221;0&#8243; button_two_letter_spacing__hover_enabled=&#8221;on&#8221; button_two_letter_spacing__hover=&#8221;0&#8243; button_one_bg_color__hover_enabled=&#8221;off&#8221; button_two_bg_color__hover_enabled=&#8221;off&#8221;][\/et_pb_fullwidth_header][\/et_pb_section][et_pb_section fb_built=&#8221;1&#8243; _builder_version=&#8221;4.19.0&#8243; hover_enabled=&#8221;0&#8243; global_colors_info=&#8221;{}&#8221; disabled_on=&#8221;off|off|off&#8221; sticky_enabled=&#8221;0&#8243;][et_pb_row column_structure=&#8221;1_4,3_4&#8243; _builder_version=&#8221;4.16&#8243; background_size=&#8221;initial&#8221; background_position=&#8221;top_left&#8221; background_repeat=&#8221;repeat&#8221; global_colors_info=&#8221;{}&#8221;][et_pb_column type=&#8221;1_4&#8243; _builder_version=&#8221;4.16&#8243; custom_padding=&#8221;|||&#8221; global_colors_info=&#8221;{}&#8221; custom_padding__hover=&#8221;|||&#8221;][et_pb_text admin_label=&#8221;Text&#8221; module_id=&#8221; mayusculas azul&#8221; module_class=&#8221;mayusculas azul&#8221; _builder_version=&#8221;4.19.0&#8243; text_text_color=&#8221;#00458d&#8221; background_size=&#8221;initial&#8221; background_position=&#8221;top_left&#8221; background_repeat=&#8221;repeat&#8221; module_alignment=&#8221;left&#8221; custom_css_main_element=&#8221;color: #00458D !important;&#8221; use_border_color=&#8221;off&#8221; border_color=&#8221;#ffffff&#8221; border_style=&#8221;solid&#8221; global_module=&#8221;3289&#8243; saved_tabs=&#8221;all&#8221; global_colors_info=&#8221;{}&#8221;]<\/p>\n<h4 class=\"no_transform borde_inferior_azul\">Men\u00fa <span class=\"azul_span\">eventos<\/span><\/h4>\n<p style=\"margin-top: 15px;\"><a href=\"https:\/\/confe.org\/index.php\/eventos\/\">Inicio<\/a><\/p>\n<p><a href=\"https:\/\/confe.org\/index.php\/aula-sexualidad-y-discapacidad-1\/\">Curso sexualidad y discapacidad<\/a><\/p>\n<p><!--\n\n\n\n<p><a href=\"https:\/\/confe.org\/index.php\/camina-conmigo\/\">Camina conmigo<\/a><\/p>\n\n\n\n--><\/p>\n<p><a href=\"https:\/\/confe.org\/index.php\/festival-zacatecas\/\">Festival Cultural Zacatecas<\/a><\/p>\n<p><a href=\"https:\/\/confe.org\/index.php\/mascaras-de-aliento\/\">M\u00e1scaras de aliento<\/a><\/p>\n<p><a href=\"https:\/\/confe.org\/index.php\/campamento-recreativo\/\">Campamento recreativo<\/a><\/p>\n<p>[\/et_pb_text][\/et_pb_column][et_pb_column type=&#8221;3_4&#8243; _builder_version=&#8221;4.16&#8243; custom_padding=&#8221;|||&#8221; global_colors_info=&#8221;{}&#8221; custom_padding__hover=&#8221;|||&#8221;][et_pb_text admin_label=&#8221;Eventos&#8221; module_class=&#8221;azul&#8221; _builder_version=&#8221;4.16&#8243; global_colors_info=&#8221;{}&#8221;]<img decoding=\"async\" data-src=\"https:\/\/confe.org\/wp-content\/uploads\/2021\/01\/curso_sexualidad_banner-1.png\" alt=\"Curso sexualidad y discapacidad, banner\" src=\"data:image\/gif;base64,R0lGODlhAQABAAAAACH5BAEKAAEALAAAAAABAAEAAAICTAEAOw==\" class=\"lazyload\" style=\"--smush-placeholder-width: 1000px; --smush-placeholder-aspect-ratio: 1000\/449;\"><\/p>\n<h1 id=\"titAulaTA\">Aula Virtual sobre Sexualidad y Discapacidad<\/h1>\n<p class=\"txtHash\"><i style=\"color: inherit;\">#delTab\u00faALasTareas<\/i><\/p>\n<p style=\"font-size: 23px; letter-spacing: 0.5px; font-style: italic;\">Claves para atender, educar y prestar apoyos a la sexualidad de ni\u00f1os, ni\u00f1as, adolescentes, j\u00f3venes y personas adultas con discapacidad intelectual o del desarrollo<\/p>\n<h2>Organizada e impartida por:<\/h2>\n<p><img decoding=\"async\" class=\"logOrganizad lazyload\" data-src=\"https:\/\/confe.org\/wp-content\/uploads\/2021\/01\/logos.png\" alt=\"Aula Virtual sobre Sexualidad y Discapacidad, organizadores\" src=\"data:image\/gif;base64,R0lGODlhAQABAAAAACH5BAEKAAEALAAAAAABAAEAAAICTAEAOw==\" style=\"--smush-placeholder-width: 900px; --smush-placeholder-aspect-ratio: 900\/148;\"><\/p>\n<h2>Dirigida a:<\/h2>\n<p>Profesionales del \u00e1mbito de la discapacidad intelectual y de los trastornos del desarrollo con al menos dos a\u00f1os de experiencia y la posibilidad de implementar lo aprendido en su organizaci\u00f3n.<\/p>\n<h2>Duraci\u00f3n:<\/h2>\n<p>50 horas (16 horas de docencia online en directo repartidas en 8 sesiones de dos horas, y 34 horas de trabajo personal); con seguimiento y tutorizaci\u00f3n del equipo profesional de la Asociaci\u00f3n Sexualidad y Discapacidad, en las que habr\u00e1 que desarrollar tareas evaluables y dise\u00f1o de programaciones que garanticen la adquisici\u00f3n de competencias.<\/p>\n<h2>Metodolog\u00eda<\/h2>\n<p>Clases online en directo por video-conferencia, con una frecuencia de 2 horas quincenales, impartidas y dinamizadas por el equipo de expertos y expertas que componen el profesorado.<\/p>\n<p>Sitio web que ofrecer\u00e1 los contenidos en unidades did\u00e1cticas, con una planificaci\u00f3n quincenal del trabajo a realizar por parte del alumnado. Seguimiento y tutorizaci\u00f3n.<br \/>\n<!-- b l o q u  e   d  e  i n s c r i p c i o n   --><br \/>\n<!-- b l o q u  e   d  e  i n s c r i p c i o n   --><\/p>\n<div class=\"contentInscrip\">\n<h3>\u00a1Gracias!<\/h3>\n<p style=\"margin-bottom: 20px; font-size: 23px;\"><strong style=\"font-size: inherit;\">Las inscripciones est\u00e1n cerradas. <\/strong><br \/>\nSi quieres recibir informaci\u00f3n sobre los pr\u00f3ximos seminarios, env\u00edanos tus datos<\/p>\n\n<div class=\"wpcf7 no-js\" id=\"wpcf7-f6585-o1\" lang=\"es-ES\" dir=\"ltr\" data-wpcf7-id=\"6585\">\n<div class=\"screen-reader-response\"><p role=\"status\" aria-live=\"polite\" aria-atomic=\"true\"><\/p> <ul><\/ul><\/div>\n<form action=\"\/index.php\/wp-json\/wp\/v2\/pages\/6462#wpcf7-f6585-o1\" method=\"post\" class=\"wpcf7-form init\" aria-label=\"Formulario de contacto\" novalidate=\"novalidate\" data-status=\"init\">\n<div style=\"display: none;\">\n<input type=\"hidden\" name=\"_wpcf7\" value=\"6585\" \/>\n<input type=\"hidden\" name=\"_wpcf7_version\" value=\"6.0.5\" \/>\n<input type=\"hidden\" name=\"_wpcf7_locale\" value=\"es_ES\" \/>\n<input type=\"hidden\" name=\"_wpcf7_unit_tag\" value=\"wpcf7-f6585-o1\" \/>\n<input type=\"hidden\" name=\"_wpcf7_container_post\" value=\"0\" \/>\n<input type=\"hidden\" name=\"_wpcf7_posted_data_hash\" value=\"\" \/>\n<\/div>\n<p>Nombre (Requerido)\n<\/p>\n<p><span class=\"wpcf7-form-control-wrap\" data-name=\"your-name\"><input size=\"40\" maxlength=\"400\" class=\"wpcf7-form-control wpcf7-text wpcf7-validates-as-required\" aria-required=\"true\" aria-invalid=\"false\" value=\"\" type=\"text\" name=\"your-name\" \/><\/span>\n<\/p>\n<p>Apellidos (Requerido)\n<\/p>\n<p><span class=\"wpcf7-form-control-wrap\" data-name=\"your-apellido\"><input size=\"40\" maxlength=\"400\" class=\"wpcf7-form-control wpcf7-text wpcf7-validates-as-required\" aria-required=\"true\" aria-invalid=\"false\" value=\"\" type=\"text\" name=\"your-apellido\" \/><\/span>\n<\/p>\n<p>Instituci\u00f3n a la que pertenece\n<\/p>\n<p><span class=\"wpcf7-form-control-wrap\" data-name=\"Institucion\"><input size=\"40\" maxlength=\"400\" class=\"wpcf7-form-control wpcf7-text wpcf7-validates-as-required\" aria-required=\"true\" aria-invalid=\"false\" value=\"\" type=\"text\" name=\"Institucion\" \/><\/span>\n<\/p>\n<p>Pa\u00eds (Requerido)\n<\/p>\n<p><span class=\"wpcf7-form-control-wrap\" data-name=\"pais\"><input size=\"40\" maxlength=\"400\" class=\"wpcf7-form-control wpcf7-text wpcf7-validates-as-required\" aria-required=\"true\" aria-invalid=\"false\" value=\"\" type=\"text\" name=\"pais\" \/><\/span>\n<\/p>\n<p>M\u00f3vil, tel\u00e9fono celular con clave de pa\u00eds y ciudad (Requerido)\n<\/p>\n<p><span class=\"wpcf7-form-control-wrap\" data-name=\"tel-419\"><input size=\"40\" maxlength=\"400\" class=\"wpcf7-form-control wpcf7-tel wpcf7-validates-as-required wpcf7-text wpcf7-validates-as-tel\" aria-required=\"true\" aria-invalid=\"false\" value=\"\" type=\"tel\" name=\"tel-419\" \/><\/span>\n<\/p>\n<p>Confirmar m\u00f3vil, tel\u00e9fono celular con clave de pa\u00eds y ciudad (Requerido)\n<\/p>\n<p><span class=\"wpcf7-form-control-wrap\" data-name=\"tel-419\"><input size=\"40\" maxlength=\"400\" class=\"wpcf7-form-control wpcf7-tel wpcf7-validates-as-required wpcf7-text wpcf7-validates-as-tel\" aria-required=\"true\" aria-invalid=\"false\" value=\"\" type=\"tel\" name=\"tel-419\" \/><\/span>\n<\/p>\n<p>E mail, correo electr\u00f3nico (Requerido)\n<\/p>\n<p><span class=\"wpcf7-form-control-wrap\" data-name=\"email-945\"><input size=\"40\" maxlength=\"400\" class=\"wpcf7-form-control wpcf7-email wpcf7-validates-as-required wpcf7-text wpcf7-validates-as-email\" aria-required=\"true\" aria-invalid=\"false\" value=\"\" type=\"email\" name=\"email-945\" \/><\/span>\n<\/p>\n<p>Confirmar E mail, correo electr\u00f3nico (Requerido)\n<\/p>\n<p><span class=\"wpcf7-form-control-wrap\" data-name=\"email-945\"><input size=\"40\" maxlength=\"400\" class=\"wpcf7-form-control wpcf7-email wpcf7-validates-as-required wpcf7-text wpcf7-validates-as-email\" aria-required=\"true\" aria-invalid=\"false\" value=\"\" type=\"email\" name=\"email-945\" \/><\/span>\n<\/p>\n<p>Comentarios\n<\/p>\n<p><span class=\"wpcf7-form-control-wrap\" data-name=\"your-message\"><textarea cols=\"40\" rows=\"10\" maxlength=\"2000\" class=\"wpcf7-form-control wpcf7-textarea\" aria-invalid=\"false\" name=\"your-message\"><\/textarea><\/span>\n<\/p>\n<center>\n\t<p><a href=\"https:\/\/confe.org\/index.php\/aviso-de-privacidad\/\" target=\"_blank\">Consulta nuestro aviso de privacidad.<\/a>\n\t<\/p>\n\t<p><input class=\"wpcf7-form-control wpcf7-submit has-spinner\" type=\"submit\" value=\"Enviar\" \/>\n\t<\/p>\n\t<center>\n\t<\/center>\n<\/center><div class=\"wpcf7-response-output\" aria-hidden=\"true\"><\/div>\n<\/form>\n<\/div>\n<\/div>\n<p><!-- b l o q u  e   d  e  i n s c r i p c i o n   --><br \/>\n<!-- b l o q u  e   d  e  i n s c r i p c i o n   --><\/p>\n<h1 style=\"color: #ffb74c; margin: 40px 0px 20px 0px;\">Programa<\/h1>\n<p><strong>17 de febrero 2021<\/strong><br \/>\nPresentaci\u00f3n del curso. Qu\u00e9 es la Sexualidad. Modelos y estereotipos. Los distintos puntos de partidas. Profesionales, voluntariado, familiares y sociedad. El protagonismo de la persona con discapacidad intelectual o del desarrollo.<\/p>\n<p><strong>3 de marzo 2021<\/strong><br \/>\nAspectos \u00e9ticos y legales. Posicionamiento por el Derecho a la Sexualidad. Objetivos de educar y atender la sexualidad. La sexualidad de la personas con discapacidad intelectual o del desarrollo. El desarrollo integral de las personas con discapacidad intelectual o del desarrollo.<\/p>\n<p><strong>17 de marzo 2021<\/strong><br \/>\nDificultades para el logro de objetivos. Las personas con m\u00e1s necesidades de apoyo. Mismos objetivos para todas las personas con discapacidad intelectual o del desarrollo, tambi\u00e9n las personas con m\u00e1s necesidades de apoyo.<\/p>\n<p><strong>7 de abril 2021<\/strong><br \/>\nEn la direcci\u00f3n de CONOCERSE. C\u00f3mo contribuir a que las personas con discapacidad intelectual o del desarrollo aprendan sobre su cuerpo y sus genitales (y otros cuerpos y otros genitales).<\/p>\n<p><strong>21 de abril 2021<\/strong><br \/>\nEn la direcci\u00f3n de ACEPTARSE. C\u00f3mo contribuir a que las personas con discapacidad intelectual o del desarrollo aprendan a estar a gusto con su identidad y su orientaci\u00f3n. Sentir en primera persona que se le acepta y se le considerada como paso previo a aceptarse.<\/p>\n<p><strong>5 de mayo 2021<\/strong><br \/>\nEn la direcci\u00f3n de la SATISFACCI\u00d3N. C\u00f3mo contribuir a que la persona con discapacidad intelectual o del desarrollo pueda expresar su er\u00f3tica de manera que genere bienestar. Autoerotismo y relaciones de pareja.<\/p>\n<p><strong>19 de mayo 2021<\/strong><br \/>\nPrevenci\u00f3n de abusos. La prevenci\u00f3n de abusos y otros retos de futuro. El papel de los distintos agentes sociales.<\/p>\n<p><strong>2 de junio 2021<\/strong><br \/>\nUna sociedad inclusiva como reto de futuro. Presencia y sensibilizaci\u00f3n social. Todo lo andado y lo que queda por andar. Retos compartidos, coordinaciones necesarias e implicaci\u00f3n de los distintos agentes sociales. El papel de las familias. Conclusiones.<\/p>\n<p>Todas las sesiones se realizar\u00e1n a las 9:00 am (M\u00e9xico), 10:00 am (Per\u00fa, Ecuador, Colombia, Honduras), 12:00 pm (Argentina y Chile), y 4:00 pm (Espa\u00f1a, CET).<\/p>\n<p><a href=\"https:\/\/confe.org\/wp-content\/uploads\/2021\/01\/PROGRAMA_Aula_virtual_Sex_y_Discap.pdf\"><strong>Descarga el programa desde esta liga<\/strong><\/a>.<br \/>\n[\/et_pb_text][\/et_pb_column][\/et_pb_row][\/et_pb_section]<\/p>\n","protected":false},"excerpt":{"rendered":"<p>Men\u00fa eventos Inicio Curso sexualidad y discapacidad Festival Cultural Zacatecas M\u00e1scaras de aliento Campamento recreativo Aula Virtual sobre Sexualidad y Discapacidad #delTab\u00faALasTareas Claves para atender, educar y prestar apoyos a la sexualidad de ni\u00f1os, ni\u00f1as, adolescentes, j\u00f3venes y personas adultas con discapacidad intelectual o del desarrollo Organizada e impartida por: Dirigida a: Profesionales del \u00e1mbito [&hellip;]<\/p>\n","protected":false},"author":1,"featured_media":0,"parent":0,"menu_order":0,"comment_status":"closed","ping_status":"closed","template":"","meta":{"_et_pb_use_builder":"on","_et_pb_old_content":"","_et_gb_content_width":"","footnotes":""},"class_list":["post-6462","page","type-page","status-publish","hentry"],"_links":{"self":[{"href":"https:\/\/confe.org\/index.php\/wp-json\/wp\/v2\/pages\/6462","targetHints":{"allow":["GET"]}}],"collection":[{"href":"https:\/\/confe.org\/index.php\/wp-json\/wp\/v2\/pages"}],"about":[{"href":"https:\/\/confe.org\/index.php\/wp-json\/wp\/v2\/types\/page"}],"author":[{"embeddable":true,"href":"https:\/\/confe.org\/index.php\/wp-json\/wp\/v2\/users\/1"}],"replies":[{"embeddable":true,"href":"https:\/\/confe.org\/index.php\/wp-json\/wp\/v2\/comments?post=6462"}],"version-history":[{"count":78,"href":"https:\/\/confe.org\/index.php\/wp-json\/wp\/v2\/pages\/6462\/revisions"}],"predecessor-version":[{"id":8483,"href":"https:\/\/confe.org\/index.php\/wp-json\/wp\/v2\/pages\/6462\/revisions\/8483"}],"wp:attachment":[{"href":"https:\/\/confe.org\/index.php\/wp-json\/wp\/v2\/media?parent=6462"}],"curies":[{"name":"wp","href":"https:\/\/api.w.org\/{rel}","templated":true}]}}